Let c = 13 - 7. Let s = c + -2. Suppose -3*m = -s*a - 24, 5*m - 5*a = -0*m + 45. What are the prime factors of m?
2, 3
Suppose -5*s - 2*c - 162 = -816, -5*s + 3*c = -644. What are the prime factors of s?
2, 5, 13
Suppose -3*x + 570 = -x. List the prime factors of (-1)/(-4) - x/(-12).
2, 3
Let l = 119 + -94. List the prime factors of l.
5
Let i(g) = g**2 - 9*g - 5. List the prime factors of i(10).
5
Suppose -4*w = -2*w - 2. Suppose u - 3 = -w. List the prime factors of 6 + -1 + 0 - u.
3
Let r(c) = c**3 + 5*c**2 + 5. Suppose n + 25 = -4*n. Let y be r(n). Suppose -15 = -4*m + y. List the prime factors of m.
5
Suppose 15*h - 18*h + 369 = 0. List the prime factors of h.
3, 41
Let g be 836/36 + 2/(-9). Suppose 5*y - 17 = g. List the prime factors of y.
2
Let y(v) = 4*v - 15. What are the prime factors of y(10)?
5
Suppose 3*f + 4*y = -0*f + 134, -f + 2*y + 28 = 0. Let j = f + -8. What are the prime factors of j?
2, 3, 5
Suppose -32 = -5*z + z. Suppose -3*j = -130 - z. List the prime factors of j.
2, 23
Let x(h) = 4*h + 10. Let g(y) = -y + 1. Let q(t) = -2*g(t) - x(t). What are the prime factors of q(-12)?
2, 3
Suppose 8 = 4*x + 4, -3*s + 70 = 4*x. Let z = 4 - s. List the prime factors of z/(-2) - (-2)/1.
11
Suppose 8*c = 13*c + 3*t - 207, -2*t = -4*c + 148. List the prime factors of c.
3, 13
Let o = 4 - 4. Suppose v + o*v = 8. List the prime factors of v.
2
Suppose -4*v - v - 300 = 0. Let q = -39 - v. What are the prime factors of q?
3, 7
Let i(c) = -c**2 - c - 3. Let h(b) = b**2 + 5*b - 2. Let p be h(-5). Let q(n) = -1. Let o(x) = p*i(x) + 9*q(x). What are the prime factors of o(2)?
3
Suppose -6*r - 2 = -7*r. What are the prime factors of r?
2
Suppose 2*y - p - 90 = 0, -4*p - 192 = -5*y + 27. What are the prime factors of y?
47
Let i = 1 - -2. Suppose -s - i*s + 20 = 0. What are the prime factors of s?
5
Let o(k) = 4*k - 7. Let s be o(-3). Let q = s + 49. What are the prime factors of q?
2, 3, 5
Let c be (-24)/(-14) - (-8)/28. Let i be (-9)/(-6)*c/3. What are the prime factors of -1 - (0 + -13 + i)?
11
What are the prime factors of (12/24)/(2/124)*2?
2, 31
Let d = 291 - 191. List the prime factors of d.
2, 5
Suppose d - 3*r - 20 = -2, -65 = -4*d + 5*r. Let k be 50/d + 2/(-6). Suppose 3*c + 11 = -k*m + 4*m, -4*c = -2*m + 16. List the prime factors of m.
2
Let s = -23 + 50. Let x = -14 + s. What are the prime factors of x?
13
Suppose 84 = -2*g + 5*g. List the prime factors of g.
2, 7
Let b(y) = 3*y - 7. Suppose 3*r + l - 5 - 5 = 0, -2 = -5*r + 2*l. Let x be r/(-4) - (-44)/8. What are the prime factors of b(x)?
2
Suppose -11*j + 51 = -851. List the prime factors of j.
2, 41
Suppose 0 = 4*g - 51 - 77. What are the prime factors of g?
2
Let i(y) = 3*y + 112. List the prime factors of i(0).
2, 7
Suppose -2*j - 146 + 606 = 0. What are the prime factors of j?
2, 5, 23
Let n = 18 - 8. Let x be 0 - 1/((-2)/n). Suppose s + x - 18 = 0. List the prime factors of s.
13
Let k(v) = 8*v**2 + 6*v - 3. List the prime factors of k(-6).
3, 83
Suppose 0 = -n + 3. Suppose n*a - 8 = 7. Suppose 47 = a*v - 13. What are the prime factors of v?
2, 3
Let p = -3 + 0. List the prime factors of p/(-2)*(0 - -2).
3
Suppose 9*f = -0*f + 819. What are the prime factors of f?
7, 13
Suppose 5*j - 115 = -2*t, j + j + 244 = 5*t. List the prime factors of t.
2, 5
Let y(l) = 6*l + 8. What are the prime factors of y(4)?
2
Suppose 2*r + 0*r = 5*v - 12, -3*v + 5*r = -11. Suppose -13 = -v*b + 5*a, 0*b = -2*b + 3*a + 15. List the prime factors of b.
3
Suppose r - 30 + 7 = 0. List the prime factors of r.
23
Let s(j) = 19*j - 2. List the prime factors of s(1).
17
Let h(y) = y**2 + 6*y - 12. List the prime factors of h(-13).
79
Let z(n) = n**3 - 3*n + 2. List the prime factors of z(3).
2, 5
Suppose -3 - 6 = -3*h. Suppose -h*n = -9, 2*d + n = -3*n + 18. Suppose 0*k + 18 = d*k. List the prime factors of k.
2, 3
Let s(w) = -173*w + 4. List the prime factors of s(-1).
3, 59
Let k(l) = 4*l + 7. Let v be k(-5). Let f = 51 - 30. Let w = v + f. List the prime factors of w.
2
Let l = 13 - 8. Suppose -41 = -l*k - 4*f, -5*k + 3*k = -4*f + 6. Suppose -r = -k*r + 48. What are the prime factors of r?
2, 3
Let c = 28 - 77. Let i be (280/16)/((-1)/2). Let t = i - c. List the prime factors of t.
2, 7
Let u(s) = s**2 + 2. Let z be u(0). Suppose z*x = -4*a + 20, -5*a + 0*a = 5*x - 25. List the prime factors of a.
5
Let q = -4 - -7. Let n(k) = -2 + k**2 + 6 - q*k + 1. List the prime factors of n(5).
3, 5
Let h be -155*(2/(-5))/(-1). What are the prime factors of h/(-2) + (2 - 6)?
3
Let z(o) = -3*o - 8. List the prime factors of z(-6).
2, 5
Let b = -5 - -8. Let u be (-4 - (b + -6))*0. Suppose -5*w + 10 + u = 0. List the prime factors of w.
2
Let c be (-2)/8 + (-39)/(-12). Suppose -2*b + 2*q = -16, 0*b + c*b = 5*q + 20. List the prime factors of b.
2, 5
Let s(q) be the second derivative of -q**3/6 - q**2/2 + q. Let j be s(-4). Suppose -j*w = w - 48. What are the prime factors of w?
2, 3
Let b be 63/27 - 4/(-6). Suppose -b*s + 55 = 2*s. What are the prime factors of s?
11
Let h = 7 + -3. Let t = h + 1. What are the prime factors of t?
5
What are the prime factors of (-2)/(-9) + (-6215)/(-99)?
3, 7
Suppose 0 = -15*w + 3247 - 1102. List the prime factors of w.
11, 13
Suppose -10 = 5*x + 2*c, -5*x - 3 = c + 2. Suppose -3*a - 11 = -5*s - 6*a, -2*a - 6 = x. List the prime factors of s.
2
List the prime factors of (2/5)/(15/450).
2, 3
Let w(m) be the third derivative of -m**5/5 + 2*m**2. Let z be w(-1). What are the prime factors of z/9*(-27)/6?
2, 3
Let t be (2 - 0)/(2/(-4)). Let j = t - -44. What are the prime factors of j?
2, 5
Let a(b) = b - 1. Let o be a(3). Let v be (-119)/(-4) + o/8. Suppose -5*g + 10*g + 5*i - v = 0, 2*i - 4 = -g. List the prime factors of g.
2
Let s(h) = 4*h**3 + 33*h**2 - 3*h - 27. Let f(z) = z**3 + 8*z**2 - z - 7. Let p(b) = 9*f(b) - 2*s(b). Suppose -3*k = 4 + 14. What are the prime factors of p(k)?
3
List the prime factors of 104 + -4 + -1 - 1.
2, 7
Let f(h) = 6*h**2 - 3*h - 5. List the prime factors of f(7).
2, 67
Suppose -5*w + 2006 = 4*d - 8*d, 4*w - 1612 = 5*d. What are the prime factors of w?
2, 199
Suppose 0 = -5*s + 28 + 52. Suppose -4*z + 76 = -s. Suppose 20 = -4*g, t - 3*g = -0*t + z. List the prime factors of t.
2
Let a(x) = -x**3 + 16*x**2 - 3*x - 13. List the prime factors of a(6).
7, 47
List the prime factors of (-2)/(-6) + 172/6.
29
Let y(f) be the second derivative of f**3/6 - f**2/2 - 2*f. Let p(i) = 4*i - 6. Let q(k) = -p(k) + 3*y(k). List the prime factors of q(-7).
2, 5
Let n = 30 + -5. Suppose 2*g = -f + 8, 3*g - 8 = -4*f + 4. Suppose -n = -f*q - 5*q. List the prime factors of q.
5
Let b = -9 - -6. Let n = 3 + b. Suppose n*m - 8 = -c + 3*m, 3*c = m + 8. What are the prime factors of c?
2
Suppose -2*d - 4*s + 616 = 0, 3*d + d = -s + 1246. List the prime factors of d.
2, 3, 13
Suppose m = 4*m - 6, 2*w + 90 = -5*m. Let v = -16 - w. List the prime factors of v.
2, 17
Let o(f) = -f**2 + 11*f - 5. Suppose 0 = -2*c + v + v + 26, v = -c + 3. What are the prime factors of o(c)?
19
Suppose 0 = 3*j + 2*j + 10. Let b = j - -5. What are the prime factors of b?
3
Suppose 3*c - 35 = 388. What are the prime factors of c?
3, 47
Suppose 10*a + 266 = 2*s + 5*a, 2*s = -3*a + 250. Suppose 0*b - s = -5*w + 2*b, w = b + 25. What are the prime factors of w?
2, 13
Let y be (2/(-3))/((-2)/12). Let q be 1/((2/1)/y). Suppose z - 36 = h - 6*h, -q*z + 2 = 0. List the prime factors of h.
7
Suppose 5*v - 10 = -0*v. Suppose v*a = 2*i - 2*a - 46, 2*i = -5*a + 37. List the prime factors of i.
3, 7
Let q(v) = -v**3 + 10*v**2 - 6*v - 3. List the prime factors of q(9).
2, 3
Suppose -3*u - 104 = u - r, -4*r = u + 26. Let o = 6 - u. Let v = o + -20. List the prime factors of v.
2, 3
Let h = -21 - -15. Let w(g) = -2*g - 7. Let t be w(h). Suppose -t*n + 4*n + 2 = 0. List the prime factors of n.
2
Suppose x + 2*u + 38 = 3*x, 3 = u. Suppose -x = -z - z. What are the prime factors of z?
11
Suppose i + 141 = c - i, -555 = -4*c + 5*i. What are the prime factors of c?
3, 5
What are the prime factors of 10/(-15) - (-56)/3?
2, 3
Let t(s) be the second derivative of -5/2*s**2 - 1/3*s**3 - s + 0. List the prime factors of t(-4).
3
Let l(i) = -i**2 + 20*i - 15. What are the prime factors of l(19)?
2
Suppose 690 = 3*u + 3*u. W